. Calculate the greatest common factor of 90 and w.
18
Suppose -24*v - 14 = 10. Let u be v - 4 - -8 - -20. What is the greatest common divisor of 161 and u?
23
Suppose 9*r + 43 = 10*r - 4*z, 5*z = 0. Suppose 0 = 7*v - 2184 + 77. What is the greatest common factor of v and r?
43
Suppose x - 231 - 554 = -3*m, -3*m = -4*x - 760. Let p(z) = z**2 - 3*z + 100. Let l be p(0). Calculate the greatest common divisor of m and l.
20
Suppose 2*b + 58 = 214. Let c = b - 63. What is the highest common factor of 195 and c?
15
Let o(h) = 4*h**3 - 115*h**2 - 76*h + 60. Let g be o(33). What is the highest common factor of g and 70?
35
Let w = -253 - -267. Suppose -2*b - 50 - 33 = -5*g, -w = -g + 3*b. Let j = -187 - -272. Calculate the greatest common divisor of g and j.
17
Suppose -3*v + 49 = q - 7*v, -2*v - 6 = 0. Let p(k) = -9*k - 59. Let r be p(-23). What is the greatest common factor of q and r?
37
Suppose -16*c + 936 = -3*c. Let v = 243 - c. What is the greatest common factor of 38 and v?
19
Suppose h - 62 = -5*z, 3*z + 458*h - 46 = 453*h. Suppose s - y - 367 = 0, -3*y = -2*s - 2*y + 739. What is the highest common divisor of z and s?
12
Suppose 38274 - 671 = 62*a - 420391. What is the greatest common divisor of a and 83?
83
Suppose -17*i = -15*i - 238. Suppose -4*s = 3*s - i. What is the greatest common divisor of 51 and s?
17
Suppose -57 = -n - 35. Suppose 14*o = -8 + n. What is the greatest common factor of 10 and o?
1
Suppose 13*a + 10*a - 17*a - 2184 = 0. What is the greatest common divisor of a and 1148?
28
Suppose -121*p - 130410 = -156*p. Calculate the greatest common divisor of p and 18.
18
Suppose v + 16 = 2*v. Let g(h) = -3*h**2 + 89*h + 565. Let l be g(35). Suppose -f - v = -l*f. What is the highest common factor of f and 12?
4
Let a(k) = -184*k - 920. Let n be a(-6). Calculate the highest common factor of 414 and n.
46
Let s(g) = 153*g**2 - 37*g - 176. Let p be s(-5). Suppose 93*l - p = 84*l. Calculate the highest common factor of 12 and l.
6
Suppose -3*o + 4*h + 72 = -54, 2*h = -3*o + 108. Calculate the greatest common divisor of 9082 and o.
38
Let d = 4115 + -4025. Calculate the greatest common factor of 690 and d.
30
Let o = 207 - 207. Suppose 2*r - 10*r + 344 = o. What is the greatest common divisor of r and 344?
43
Let y = 23885 + -23475. Calculate the highest common divisor of y and 1025.
205
Let t(c) be the second derivative of 2*c**3/3 + 75*c**2/2 + 3*c - 5. Let n be t(-12). Let x = 147 + -93. Calculate the greatest common factor of n and x.
27
Let h = 107 - 92. Let k(q) = q**3 - 7*q**2 - 27*q - 21. Let z be k(10). Calculate the highest common factor of z and h.
3
Let y = -678 - -836. Calculate the greatest common divisor of 6162 and y.
158
Let s(x) = x**3 + 14*x**2 - 18*x - 33. Let w be s(-15). Suppose 5*n - w - 198 = 0. Let f = -40 + n. Calculate the greatest common divisor of 8 and f.
2
Suppose 4*t = 3*c + 884, -3*c = 3*t - 347 - 316. Let q = 286 - t. Calculate the highest common divisor of 195 and q.
65
Let j be (4 - -2)/(1 + 1). Suppose 17 = j*a - 1. Let y(l) = -l**3 + 44*l**2 - 39*l - 168. Let w be y(43). What is the greatest common factor of a and w?
2
Let z(i) = 46*i**2 + 111*i - 324. Let c be z(3). What is the greatest common divisor of 94 and c?
47
Let r be ((-2)/1)/((-1)/2). Let i be 8/12*570 - -5. Suppose 11*o - i = r*o. Calculate the highest common factor of 22 and o.
11
Let o = 24460 - 24012. What is the greatest common divisor of o and 308?
28
Suppose 5*v + 3*z = 23, 2*v - 6 = 3*z - 1. Suppose -38*c - 127949 + 146493 = 0. What is the greatest common divisor of v and c?
4
Let p = -37 - -36. Let f be -4 + 303/4 + p/(-4). What is the highest common divisor of 90 and f?
18
Suppose 786*v - 1268 + 482 = 0. Let a be -3*((-14)/6 - -1). Calculate the highest common divisor of v and a.
1
Let v(s) = 3*s**2 + 11*s + 3. Let t be v(-4). Suppose -t*g = -69 + 27. Let d = -34 + 64. Calculate the greatest common divisor of g and d.
6
Let l = -1181 + 1621. What is the highest common divisor of l and 120?
40
Let m be (-2)/3*(-512 - -23). Let u = m + 246. Calculate the greatest common divisor of u and 22.
22
Let g(w) = -w**3 - 22*w**2 - 97*w + 7. Let x be g(-16). Calculate the highest common factor of x and 13087.
23
Let p = -16360 + 16549. What is the highest common divisor of 5373 and p?
27
Suppose -8*h = 29*h - 8954. What is the greatest common divisor of h and 1078?
22
Suppose -67 = 48*n - 52*n + 5*b, -5*b - 54 = -3*n. What is the highest common divisor of n and 247?
13
Suppose 5*u = 15, -4*z + 143 = -5*u - 38. What is the greatest common factor of 3969 and z?
49
Let m be (-839)/(-6) - (-14)/126*(-9)/(-6). What is the highest common divisor of 70 and m?
70
Let a be 7*((-24)/14 - 1 - -3). Suppose -2*w + 24 = l, -w - a*w + 3 = 0. Suppose v - 3*v + 66 = 0. Calculate the greatest common divisor of v and l.
11
Suppose 0 = 2*u, 0*v + 5*v + 270 = 4*u. Let n = -51 - v. Suppose 0 = 5*r + 2*i + 100 - 427, 5*i - 200 = -n*r. What is the highest common divisor of r and 26?
13
Let c(j) = 8*j**2 - 2*j - 10. Let a be c(-3). Let b = a - -96. What is the highest common factor of 41 and b?
41
Suppose -498 - 302 = -32*q. What is the highest common factor of q and 320?
5
Let v = -88 - -168. Let z be (-480)/(-13)*21294/4914. Calculate the greatest common factor of v and z.
80
Let z(a) = 53*a - 300. Let n be z(12). Calculate the greatest common factor of n and 756.
84
Suppose -843 - 510 = -3*y. Suppose -176*s - 1275 = -877*s + 694 + 5742. Calculate the greatest common factor of s and y.
11
Let g(y) = -y**3 + 12*y**2 - 62*y + 693. Let x be g(11). What is the greatest common divisor of 336 and x?
12
Suppose 0 = 13*p - 9*p + 3*i - 95, -3 = -3*i. What is the greatest common divisor of p and 7291?
23
Let u = -2521 - -4440. Calculate the highest common factor of u and 152.
19
Let g(z) = 2*z**2 + 73*z - 66. Let p be g(-38). Suppose -76*d = -74*d - 528. What is the greatest common factor of p and d?
24
Let l = -599 - -923. Suppose 323*j + 120 = l*j. What is the highest common factor of 280 and j?
40
Suppose -7*d = 5*n - 6*d - 1160, 928 = 4*n + 5*d. Calculate the greatest common divisor of n and 1102.
58
Suppose 2*t - 96*v - 274 = -94*v, 2*t = -4*v + 316. Let q(h) = h**3 + 4*h**2 - h - 1. Let p be q(-2). What is the greatest common divisor of t and p?
9
Suppose 0 = 2*c + 5*n - 282, -46*c + 42*c + 548 = 2*n. Calculate the greatest common divisor of 40 and c.
8
Let m(p) = -45*p**2 - 27*p - 68. Let z(y) = -16*y**2 - 9*y - 23. Let r(h) = -3*m(h) + 8*z(h). Let b be r(-5). Calculate the greatest common divisor of b and 90.
30
Suppose 3*r - o + 466 = 1592, -3*r + 1158 = 3*o. What is the highest common divisor of 594 and r?
54
Let j(n) = n**2 + 4*n - 15. Let z be j(9). Let m = -90 + z. Let y(w) = -5*w - 2. Let g be y(-4). What is the greatest common divisor of g and m?
6
Suppose 2*p - 2109 = 3*j, 631*j = 4*p + 635*j - 4208. What is the greatest common divisor of 2925 and p?
117
Let g(i) = -i**3 - 13*i**2 - 24*i - 11. Let m be g(-11). Suppose n - 24 = -4*h, 2*h = 16*n - m*n - 142. What is the greatest common divisor of n and 4?
4
Let q = -21429 + 26155. Calculate the greatest common factor of q and 139.
139
Suppose -v + a + 56 = 0, 2*v - 185*a + 186*a - 115 = 0. What is the highest common divisor of 12711 and v?
57
Let u(s) = 3*s + 36. Let k be u(-6). Let y = 82 - 19. What is the greatest common divisor of y and k?
9
Let q(r) = -23*r - 13. Let j be q(6). Let s = -106 - j. Suppose -4*o + 18 = -54. Calculate the highest common factor of o and s.
9
Suppose -2*g + 14364 = -12*g + 37*g. What is the highest common factor of 140 and g?
28
Let n = 16107 - 12570. What is the highest common factor of 81 and n?
27
Suppose -5*m + 34 = -6. Suppose 4*j + g - 11 = 0, -2*j + 5*g = m*g + 7. Let h be (-1125)/(-9)*j/5. Calculate the highest common factor of h and 250.
50
Let x(z) = -7*z + 176. Let d be x(19). Suppose -5*w = 2*t - 127, w + t = 5*t + d. Calculate the highest common divisor of 54 and w.
27
Suppose 28 = i - 5*h, -i + 3*h - 5 = -35. Suppose i*l + 1980 = 45*l. Calculate the highest common factor of l and 30.
15
Let d be 9/15 - (-98952)/155. Calculate the highest common factor of 153 and d.
9
Let y(s) = -286*s - 5156. Let c be y(-21). Calculate the greatest common divisor of c and 2